ulate the greatest common factor of 30 and 3015.
15
What is the greatest common factor of 28 and 868?
28
What is the greatest common factor of 5235 and 6?
3
What is the greatest common factor of 247 and 39?
13
Calculate the greatest common divisor of 384 and 6.
6
Calculate the highest common divisor of 6 and 180.
6
Calculate the highest common divisor of 24 and 93.
3
Calculate the greatest common divisor of 221 and 85.
17
Calculate the highest common factor of 2680 and 8.
8
Calculate the highest common divisor of 925 and 25.
25
Calculate the highest common factor of 1962 and 18.
18
Calculate the greatest common divisor of 102 and 493.
17
Calculate the highest common divisor of 18 and 306.
18
Calculate the greatest common divisor of 4 and 1860.
4
Calculate the greatest common factor of 48306 and 194.
194
Calculate the greatest common factor of 45 and 225.
45
What is the highest common divisor of 1099 and 7?
7
What is the greatest common divisor of 3239 and 1066?
41
Calculate the highest common factor of 13 and 767.
13
Calculate the highest common divisor of 371 and 159.
53
Calculate the greatest common divisor of 120 and 520.
40
Calculate the greatest common divisor of 76 and 32.
4
Calculate the highest common divisor of 26 and 7033.
13
What is the greatest common divisor of 120 and 200?
40
What is the highest common factor of 51 and 1479?
51
Calculate the highest common divisor of 323 and 51.
17
Calculate the highest common factor of 357 and 168.
21
Calculate the highest common factor of 29354 and 13.
13
What is the greatest common factor of 671 and 22?
11
What is the greatest common divisor of 63 and 31437?
63
What is the greatest common factor of 28 and 161?
7
What is the greatest common divisor of 76 and 247?
19
Calculate the greatest common divisor of 186 and 12.
6
What is the greatest common divisor of 11 and 2?
1
What is the greatest common divisor of 310 and 62?
62
Calculate the greatest common divisor of 1349 and 71.
71
Calculate the highest common factor of 650 and 360.
10
What is the highest common factor of 224 and 168?
56
What is the highest common divisor of 530 and 30?
10
Calculate the highest common factor of 84 and 1164.
12
Calculate the greatest common divisor of 36816 and 26.
26
Calculate the greatest common factor of 32 and 36.
4
What is the greatest common factor of 3598 and 42?
14
Calculate the highest common factor of 3100 and 465.
155
What is the highest common divisor of 100 and 68350?
50
Calculate the greatest common factor of 20 and 11710.
10
Calculate the highest common factor of 26 and 455.
13
What is the highest common divisor of 34 and 1598?
34
What is the greatest common factor of 225 and 153?
9
Calculate the greatest common factor of 40 and 440.
40
What is the highest common factor of 55 and 11?
11
Calculate the greatest common divisor of 60 and 2220.
60
Calculate the highest common factor of 1331 and 1089.
121
What is the highest common factor of 550 and 22?
22
Calculate the highest common factor of 15 and 21.
3
What is the highest common factor of 24 and 184?
8
What is the greatest common factor of 15 and 120?
15
Calculate the greatest common divisor of 273 and 52.
13
What is the highest common divisor of 1440 and 10?
10
What is the highest common divisor of 43 and 688?
43
Calculate the highest common factor of 78 and 2301.
39
What is the greatest common factor of 56 and 21?
7
What is the greatest common divisor of 165 and 30855?
165
Calculate the greatest common divisor of 24 and 1266.
6
What is the greatest common factor of 776 and 485?
97
What is the highest common factor of 3096 and 430?
86
Calculate the highest common factor of 10 and 9370.
10
What is the highest common factor of 858 and 78?
78
What is the greatest common divisor of 7525 and 43?
43
Calculate the greatest common factor of 442 and 208.
26
What is the greatest common factor of 21 and 162?
3
What is the greatest common divisor of 528 and 6?
6
Calculate the highest common divisor of 64 and 212.
4
Calculate the highest common factor of 172 and 164.
4
Calculate the highest common divisor of 2760 and 12.
12
Calculate the greatest common factor of 2675 and 214.
107
Calculate the highest common factor of 1569 and 2.
1
What is the greatest common factor of 126 and 182?
14
What is the greatest common factor of 64 and 40?
8
What is the highest common factor of 40 and 20170?
10
What is the highest common factor of 512 and 4?
4
What is the highest common divisor of 4 and 36?
4
What is the greatest common divisor of 216 and 48?
24
Calculate the greatest common factor of 14 and 133.
7
Calculate the greatest common divisor of 42 and 441.
21
What is the greatest common divisor of 80 and 12080?
80
What is the highest common factor of 162 and 261?
9
What is the greatest common divisor of 78 and 6396?
78
Calculate the greatest common factor of 32175 and 99.
99
What is the greatest common factor of 1064 and 64?
8
Calculate the greatest common factor of 2764 and 4.
4
What is the greatest common factor of 1919 and 95?
19
Calculate the highest common factor of 430 and 110.
10
Calculate the greatest common divisor of 5612 and 1220.
244
What is the highest common divisor of 1820 and 20?
20
Calculate the greatest common divisor of 217 and 155.
31
Calculate the greatest common factor of 31 and 2573.
31
Calculate the greatest common factor of 16 and 4640.
16
Calculate the greatest common factor of 101 and 1111.
101
What is the greatest common divisor of 385 and 220?
55
What is the highest common factor of 990 and 90?
90
What is the highest common divisor of 91 and 1729?
91
What is the greatest common divisor of 36727 and 19?
19
What is the highest common divisor of 22 and 319?
11
What is the highest common divisor of 18 and 1932?
6
What is the highest common factor of 117 and 6201?
117
Calculate the highest common factor of 51 and 24.
3
What is the highest common divisor of 33 and 2409?
33
Calculate the highest common factor of 616 and 1078.
154
What is the highest common factor of 704 and 44?
44
Calculate the highest common factor of 930 and 279.
93
Calculate the highest common divisor of 341 and 62.
31
Calculate the greatest common divisor of 703 and 148.
37
What is the greatest common divisor of 35114 and 388?
194
Calculate the highest common factor of 2565 and 475.
95
What is the highest common divisor of 276 and 48?
12
What is the highest common divisor of 6340 and 20?
20
What is the highest common divisor of 42 and 7245?
21
Calculate the greatest common factor of 1800 and 150.
150
What is the highest common divisor of 9 and 657?
9
Calculate the greatest common factor of 69 and 1127.
23
Calculate the highest common factor of 3 and 96.
3
What is the greatest common factor of 170 and 238?
34
What is the highest common factor of 2040 and 390?
30
What is the highest common factor of 110 and 198?
22
What is the highest common factor of 845 and 13?
13
What is the greatest common divisor of 24 and 64?
8
Calculate the greatest common factor of 16510 and 520.
130
What is the highest common divisor of 24 and 216?
24
What is the greatest common factor of 464 and 176?
16
Calculate the highest common divisor of 2 and 94.
2
Calculate the highest common factor of 11 and 33.
11
Calculate the greatest common factor of 36 and 234.
18
Calculate the greatest common divisor of 79 and 1027.
79
Calculate the highest common factor of 1536 and 72.
24
Calculate the greatest common factor of 280 and 5110.
70
What is the highest common divisor of 75 and 825?
75
What is the greatest common divisor of 25974 and 162?
54
What is the greatest common factor of 51 and 119?
17
What is the greatest common divisor of 15840 and 22?
22
What is the greatest common factor of 394 and 2?
2
What is the greatest common factor of 84 and 525?
21
What is the greatest common divisor of 1888 and 177?
59
What is the greatest common divisor of 24959 and 11?
11
Calculate the greatest common divisor of 87 and 1131.
87
What is the greatest common factor of 3675 and 350?
175
Calculate the highest common factor of 534 and 78.
6
What is the greatest common factor of 39 and 1?
1
What is the highest common divisor of 1460 and 580?
20
What is the highest common factor of 4169 and 11?
11
What is the greatest common facto